ate the highest common divisor of z and p.
8
Suppose 5982374 = 466*q - 2195460. What is the highest common divisor of 161 and q?
161
Suppose -2179 - 3084 = -20*o + 2217. What is the greatest common divisor of 8789 and o?
187
Let n be ((-84)/(-7))/(9/474). What is the highest common factor of n and 104?
8
Let x = 5382 - 4297. Calculate the greatest common divisor of x and 465.
155
Suppose 5*j = -q + 1001 + 39, 5*q + 416 = 2*j. Calculate the greatest common divisor of 1404 and j.
52
Suppose -2*n + 3*l = -27, -n + l = -3*l - 16. Let x(f) = n*f**2 - 6*f - 27*f**2 - 17 + 16*f**2. Let u be x(-6). What is the highest common divisor of 22 and u?
11
Suppose -7*d + 4*z = -8*d - 69, 3*d + 247 = -4*z. Let x = 130 + d. Calculate the highest common divisor of 369 and x.
41
Let c(g) = -6*g - 7*g + 11*g - 27. Suppose 2*f - 10 = -42. Let v be c(f). What is the highest common factor of v and 5?
5
Let j be 59*-16*(-13)/208 + (7 - 2). Let h = 77 - -147. Calculate the highest common factor of h and j.
32
Let z = -3247 - -4380. Calculate the greatest common factor of 88 and z.
11
Let i be ((-9)/(-12))/(8/32). Suppose -r = -2*q - 5, -26 = -r + i*r + 5*q. Let x be (7/(-2))/((-412)/136 - r). Calculate the greatest common factor of x and 17.
17
Suppose -5*l + 5*p = -4870, -227 - 3685 = -4*l - 4*p. Let s = -20710 + 20726. Calculate the greatest common factor of s and l.
16
Let a = -44 + 151. Let u = a - -317. Calculate the highest common divisor of 8 and u.
8
Let q = 69 + -69. Suppose j = 3*b + 24, q*b = -3*b - 2*j - 15. Let d be 6/(-21) + (-93)/b. What is the greatest common divisor of 91 and d?
13
Let r(k) = 2*k**2 - k - 7. Let a be r(-4). Suppose -31*w + a*w = -2784. Suppose 12*b - w = -0*b. What is the highest common divisor of 29 and b?
29
Let u(p) = 5*p**3 - 13*p**2 + 3*p + 1. Let v(g) = -g**3 + 6*g**2 - 2*g - 12. Let h be v(5). Let k be u(h). Calculate the highest common factor of 812 and k.
28
Let l(i) = 15*i + 28. Let v be l(-4). Let b be 4*(-8)/(v/9). What is the highest common divisor of b and 63?
9
Let s be 342/10 + 56/70. Let l be (s + -26)*100/3. What is the greatest common divisor of 120 and l?
60
Let v(u) = -u**3 - 5*u**2 - 14*u + 2. Let x be v(-5). Calculate the greatest common divisor of 186 and x.
6
Let j = -21601 - -22181. What is the greatest common factor of j and 220?
20
Let l(r) = 6*r + 32. Let g be l(-5). Suppose 3*y - g*p = 33, -3*y + 2*y - 5*p - 6 = 0. Calculate the highest common factor of y and 1.
1
Suppose 455*u - 537*u = -2788. What is the highest common divisor of 8704 and u?
34
Suppose 0 = 98*a + 14 - 308. Calculate the highest common divisor of 3909 and a.
3
Let p = -10 - -35. Suppose -41*q + 105 = -38*q + 3*c, -c = 5*q - 179. Suppose j = -p + q. Calculate the highest common factor of j and 55.
11
Let q(p) = 56*p**2 - 670*p**3 - 1 - 812*p**3 - 55*p**2. Let d be q(-1). Suppose -21*a + d = -15*a. Calculate the highest common factor of 13 and a.
13
Let n be (87/(-6)*6)/1. Let u = -82 - n. What is the highest common divisor of 10 and u?
5
Suppose 340901 = 137*x - 296149. What is the highest common factor of x and 900?
150
Let t(v) = -2*v + 46. Let p be ((-6)/4)/((-120)/1520). Let c be t(p). Calculate the greatest common factor of 8 and c.
8
Let d(s) = 6*s**2 - 124*s + 36. Let b be d(21). What is the greatest common factor of 2847 and b?
39
Suppose 2*b - 495 = 317. What is the greatest common divisor of 42 and b?
14
Let h be 1700/(-765) - 1192/(-18). Calculate the greatest common divisor of 2960 and h.
16
Let r = -91 + 136. Suppose 5*x + 15 = -d + 6*d, -d - 5*x + 21 = 0. Suppose d*v - 297 + r = 0. What is the greatest common divisor of v and 6?
6
Let s = 11 + -9. Let c be (12/(-15))/(s/(-30)). Let j = 437 + -305. Calculate the highest common factor of j and c.
12
Let n(v) = 24*v + 1273. Let a be n(-52). Calculate the greatest common divisor of 5 and a.
5
Suppose -4*j = 2*t - 6352, 4*j - 1276 = t + 5094. Calculate the highest common divisor of 43 and j.
43
Let j be 3/(-2) - 772/(-20)*195/26. Calculate the highest common divisor of 3936 and j.
96
Let q(k) = k**3 + 15*k**2 - 15*k + 30. Let n be q(-16). Let w be (-392)/(-15) - (0 + n/105). What is the highest common divisor of 221 and w?
13
Suppose 2*t = q + 280, 700 = 8*t - 3*t + 4*q. Suppose -1260 = -0*h - 5*h. What is the highest common divisor of t and h?
28
Let q be (-1)/(-3) - 0 - (-35)/3. Let s be (-10)/q*24/(-4). Suppose 4*h + 25 = 3*f, -f - 3*h + 21 = -9. Calculate the highest common factor of f and s.
5
Let p(x) = 8*x**2 + 8*x + 12. Let n be p(-5). Let i = n + 81. What is the highest common factor of 11 and i?
11
Let s(z) = 65*z + 14. Let l be s(3). Let w = -134 + l. Let n(i) = -i**3 + i + 30. Let a be n(0). Calculate the greatest common factor of a and w.
15
Suppose -14*p + 62*p + 55*p - 114433 = 0. Calculate the highest common divisor of p and 44.
11
Let j = 9877 - 9647. Let r(m) = 32*m - 4. Let o be r(3). Calculate the greatest common divisor of o and j.
46
Suppose 2*k = -4*w + 14, -27*w + 24*w - 5*k + 14 = 0. Let d be ((-16)/(-24))/(4/990*w). Calculate the greatest common divisor of d and 5.
5
Suppose -4*q + 7*q = 72. Suppose 3*j - q = -j. Let d be ((-105)/175)/(1 - (-63)/(-60)). Calculate the greatest common divisor of j and d.
6
Suppose 8*u - 72 = 6*u. Suppose -8*a + u + 36 = 0. What is the greatest common divisor of a and 207?
9
Let p = -15 + 7. Let o(h) = -h**3 - 8*h**2 - 2*h - 18. Let s be o(p). Let q be -1 + 4 + (0/(-1) - s). What is the highest common divisor of q and 35?
5
Suppose 2*o = -200*p + 201*p + 1035, -5*p + 1585 = 3*o. What is the highest common factor of o and 416?
104
Let y(q) = -q - 27. Let u be y(-25). Let l be (-1)/u*(7 + 53 + 6). Suppose -3*o + 212 = -580. Calculate the greatest common divisor of l and o.
33
Suppose 2691 = -642*s + 655*s. What is the greatest common factor of 81 and s?
9
Let v be ((-3)/(15/(-35)))/(-4 + 5). Suppose -3*f + v*f = 2376. Calculate the greatest common factor of f and 66.
66
Let m(p) = -p**2 + 15*p + 20. Let q be m(16). Let h be 0/(q + 4/(-2)). Let d be 12/1 - (h + -3). Calculate the highest common factor of 75 and d.
15
Let r(f) = f**3 + 8*f**2 - 47*f - 330. Let n be r(-6). What is the greatest common factor of 1120 and n?
8
Suppose 9*y - 120 = 1329. Let b = 70 + -63. What is the greatest common factor of b and y?
7
Let r(w) = 3*w**3 - 6*w**2 + 4. Let i be r(4). Suppose -31*g + 27*g + 4 = 0, 4*n - 999 = g. What is the highest common factor of n and i?
50
Suppose 0 = 3*l - 4*t - 386, -4*t = -t + 6. Suppose -4*v = 3*v + 238. Let m = 52 + v. Calculate the greatest common factor of m and l.
18
Suppose 2*k - 7*i + 6*i + 1 = 0, -2*k + 2*i - 4 = 0. Let s be -27*(4 + (-4 - 21/k)). What is the greatest common factor of 21 and s?
21
Let h(w) = 4*w. Let n be h(4). Let i = -1767 + 1815. Calculate the greatest common divisor of n and i.
16
Suppose 0 = -6*j + 6, -w - 3*j + 36 + 0 = 0. What is the highest common factor of w and 36?
3
Suppose -313*k - 312*k - 2754 = -642*k. Calculate the greatest common factor of 27297 and k.
81
Suppose 3*j - 2*d = -101, 18 + 1 = -j - 3*d. Let z = -30 - j. Let q be (-3 - 18/(-5))*25/z. What is the greatest common divisor of 6 and q?
3
Let z = -404 - -788. Let p be (-134)/(-12) + (791/42 - 18). Calculate the greatest common factor of p and z.
12
Suppose -s = -6*h - 41, -5*h - s - 1 = -4*h. Let v be (4/(-24)*h - -666) + -4. Calculate the greatest common factor of v and 51.
51
Let t(k) = 4*k**2 - 3*k - 1. Let y(z) = -3*z**2 + 4*z. Let j(w) = 5*t(w) + 6*y(w). Let v be j(4). What is the greatest common factor of v and 7?
7
Suppose 4*j + 249 = 5*p, p + 5*j - 4 = 69. Suppose -p = -2*t + 97. Suppose t + 65 = i. What is the highest common divisor of 35 and i?
35
Let k be 86/14 - 2/14. Let p be (128/(-24) + k)/((-2)/(-39)). Suppose 0*r - 14 = -2*r + 4*u, -5*u = 4*r - 67. What is the highest common factor of r and p?
13
Suppose 24*f = -130 + 6994. What is the greatest common divisor of 1222 and f?
26
Let u be -1 - -4 - 2 - (1 - 2). Suppose -80 = u*y - 408. Suppose 172 = 4*f - 4*h, -4*h = 5*f - f - 156. Calculate the greatest common factor of y and f.
41
Let z = -82 - -537. Let o(r) = 31*r - 66. Let m be o(8). Calculate the greatest common divisor of m and z.
91
Suppose 98*o + 766 = 5568. Let x = -189 + 434. What is the